 - 2*h = -4, -2*t = -4*h - 6186. Is t prime?
False
Suppose -36*i = -12416 - 229468. Is i prime?
True
Suppose 10*b = 13*b - 4431. Is b prime?
False
Let j(r) = -r**2 + 15*r + 12. Let k be j(15). Let q be ((-4)/3)/((-8)/k). Suppose 5*h - q*o = 233, -7*h + 230 = -2*h - 5*o. Is h a composite number?
False
Let m = 2046 - 581. Is m a composite number?
True
Let a = 10869 + -7480. Is a prime?
True
Let q be 3/(1*(-1)/(-11)). Let x = -18 + q. Is x prime?
False
Let a = 2999 + -1306. Is a composite?
False
Let f = -2241 + 18112. Is f prime?
False
Suppose -4*k + 12 = 2*k. Suppose -k*z + 4*z = 1262. Is z prime?
True
Suppose 6*x = 35275 + 24587. Is x composite?
True
Let m be 548844/30 - 1/(-5). Suppose v + 4*v = m. Is v a composite number?
False
Let j(s) = -34*s + 7. Let o(h) = -7*h**2 + 7*h + 2. Let b(g) = g**2 + g. Let x(c) = 6*b(c) + o(c). Let k be x(14). Is j(k) composite?
True
Let l be (4935/(-30))/((-1)/(-2)*-1). Let b = l - 142. Is b a prime number?
False
Let w(i) be the third derivative of i**4/24 + 2*i**3/3 + 2*i**2. Let p be w(-2). Suppose r + p*r + 4*s = 257, 5*r + 3*s = 421. Is r a composite number?
False
Let g(w) = w**3 - 6*w**2 - 15*w - 6. Let x be g(8). Suppose 4*h - 880 = -3*l, -l = 3*h - x*l - 647. Is h a composite number?
True
Let j = 47398 - 13167. Is j composite?
False
Suppose 5*p + 5*a = 42745, 25645 = -p + 4*p + 4*a. Is p a prime number?
False
Let m(j) = 3 - 6 + 5 + j - 3 + 13*j**2. Is m(4) prime?
True
Let p = -9 + 10. Let v(g) = 42*g**3 + g. Let h be v(p). Suppose u + h - 200 = 0. Is u a prime number?
True
Let l(f) be the first derivative of 2*f**3/3 - 6*f**2 + f - 7. Suppose -5*z - 2 - 21 = -4*r, 0 = 4*r + z - 53. Is l(r) a prime number?
False
Suppose 2*r - 5*r = -7389. Is r prime?
False
Is (-36)/(-8) + -4 + 150093/18 a prime number?
False
Let n be 1/((-28)/8 - -4). Suppose -n*d = d - 1005. Is d a composite number?
True
Let y = 3606 - 1565. Is y a prime number?
False
Let l(x) = 594*x - 7. Suppose -2*r + 21 - 11 = 0. Is l(r) composite?
False
Let k = 52 + -132. Let q = 16 - -101. Let b = q + k. Is b composite?
False
Suppose 5*c = u + 25, -5*u + u - 40 = -5*c. Let g = 6 + c. Is g a prime number?
False
Let j(u) = 29*u**3 + 3*u**2 + 7. Let t be j(-6). Let g = t - -8892. Is g a composite number?
True
Let v = -2 + 4. Suppose 0 = 12*t - 6*t - 49830. Suppose v*w - 7*w = -t. Is w prime?
False
Let i = -705 - -2528. Is i a composite number?
False
Suppose -5*j = -3*j - 18354. Suppose 2*u - 4*u - j = 5*t, -3*t - 5495 = 4*u. Let x = -1246 - t. Is x composite?
True
Suppose -12022 = -3*c - 14*r + 9*r, 4014 = c - 5*r. Is c composite?
True
Suppose -4*j = 5*g - 2297 - 6364, -4*g = j - 2179. Is j prime?
False
Suppose 9 = -2*g - 3*a, -2*a + 9 = 2*g - 5*a. Suppose g = -2*p + 5*p - v + 474, 4*v = 0. Let l = p - -276. Is l a composite number?
True
Let x be 2/(-2 + 400/195). Let s = 49 - x. Is s a prime number?
False
Is 21*(-4)/(-12) - -14334 prime?
True
Let p = 876 + -1348. Let o = p - -246. Let x = o + 381. Is x prime?
False
Is (11/(11/(-4401)) - 8)*-5 a composite number?
True
Suppose -w - 251581 = -5*l, 0 = w + 121 - 125. Is l a composite number?
True
Is (2 - 33/21) + 15968/14 composite?
True
Is (1/(-4))/(22/(-151624)) composite?
False
Is 911402/46 - 54/621 composite?
False
Let w(f) = -83*f - 6. Is w(-11) a composite number?
False
Let n = -55 + 52. Is (-2 + 1)*(n - 3542) a prime number?
False
Let g(a) = -a + 1. Suppose -2*k - f - 6 = 4, 4*f - 2 = -2*k. Let u be g(k). Is (u - 5)/(3/34) prime?
False
Suppose -q = 9 + 15. Let x = q + 101. Is x composite?
True
Let c(m) = 151*m**3 + 2*m**2 + m - 1. Let f be c(1). Suppose -4*w + 6257 + f = 2*s, 2*s - w - 6410 = 0. Is s prime?
False
Suppose -4*x + 18362 = -3*k, 5*k - 3*k - 9174 = -2*x. Is x a composite number?
True
Let s(d) = 34*d**2 - 22*d + 3. Is s(-7) prime?
True
Suppose 0 = 10*s - 49332 - 73798. Is s a composite number?
True
Let i(s) = 20*s**3 + s**2 + s + 1. Let t(c) = c**3 - 5*c**2 + 3*c + 6. Let p(o) = -o**3 + 6*o**2 + o - 2. Let q be p(6). Let l be t(q). Is i(l) composite?
False
Suppose j + 0*o + 3*o - 15 = 0, 7 = j + o. Suppose -2 = j*b + 1. Is 50 + (-3 - b)/2 prime?
False
Let s = -2655 + 6036. Is (s + 5)*(2 + 3/(-3)) prime?
False
Let v = -33 + 36. Suppose 0 = -2*g + v*w + 1010 - 384, -2*g - 4*w = -654. Is g prime?
False
Is ((-30)/30)/(3/(-7173)) composite?
True
Let k = 1 + 34. Let h be 1/(1/(-1)) + 4. Suppose 0 = 2*a + 2*g + 3 - k, -5*a + h*g = -120. Is a a composite number?
True
Let u(w) = 11*w**3 + 3*w**2 + 2*w + 1. Let d(h) = -h**2 + 3*h + 2. Let o be d(-1). Let s be u(o). Let r = s + 330. Is r prime?
True
Let h = -824 - -12783. Is h a prime number?
True
Let k = -23544 - -63125. Is k a prime number?
True
Suppose 2*d - 5 = 5*j, d = -4*j + j - 14. Let x(g) = -65*g + 12. Is x(d) composite?
False
Let u(m) = m**3 + 4*m**2 - 5*m + 8. Let p be u(7). Suppose -62*t + 63*t - p = 0. Let o = t + -175. Is o a composite number?
False
Suppose 2*v - 3*s = 4543, -7*v + 2259 = -6*v - 4*s. Is v prime?
False
Let h(l) = l**2 - 11*l + 6. Let p be h(10). Is (p - -1) + (-878)/(-2) + 7 composite?
False
Let g be (2/3)/((-8)/84). Is 8214/14 - 2/g prime?
True
Suppose -57*p + 53*p + 8812 = 0. Is p prime?
True
Suppose 156418 = 15*o - 20237. Is o a prime number?
True
Let g(u) = 598*u**2 + 9*u + 6. Is g(-3) prime?
False
Let f(q) = q**3 + 17*q**2 - 6*q + 1. Suppose 0 = 3*c - 7*c - 56. Is f(c) prime?
True
Let x(p) = -116*p**3 - 4*p**2 - 6*p - 21. Is x(-3) prime?
False
Let s(p) = 2*p**2 + 24*p + 35. Suppose -4*o = 3*h + 87, -3*h = -3*o + 2*o - 18. Is s(o) a prime number?
False
Is ((-45)/(-30))/(33885/11292 + -3) a composite number?
True
Suppose -5*j - 77212 = -2*v - 23250, 5*j = -2*v + 53922. Is v a prime number?
False
Let m be (-112)/(-12) - (-4)/6. Suppose m = 3*u - 5*l - 6, 2*u = 2*l + 16. Suppose -32 - u = -2*q. Is q composite?
True
Suppose 0 = -5*a - 5*h + 24315, -2*a - h = 5658 - 15382. Is a a prime number?
True
Let n(c) be the first derivative of 7 - 13*c + 5*c**2 + 22/3*c**3. Is n(6) a prime number?
True
Let h(s) be the second derivative of s**4/12 - 13*s**3/6 - s**2 - s. Let t be h(12). Is 44/6*(-147)/t a composite number?
True
Let m(q) = -3 + 2 + 34*q**2 + 2*q - 4. Is m(3) a composite number?
False
Suppose -1354 = 3*y + 4*x - 7781, -10725 = -5*y - 4*x. Is y a prime number?
False
Suppose -5*g + 4195 = -4*f, -23*g + 848 = -22*g + f. Is g prime?
False
Suppose 0 = 8*m - 12*m + 1492. Is m prime?
True
Let h(m) = 33*m - 6. Let q be h(6). Let u = q + -79. Is u prime?
True
Suppose h - 4*w = 1896, w + 2*w + 5670 = 3*h. Suppose -5*m = 5*o + 2330, 2*m - 2*o + h = -2*m. Is (2/(-5))/(2/m) prime?
False
Let l be (-90)/(-27)*(-12)/(-10). Suppose -t = -l*t - 3*n + 14190, 3*t - 14196 = -n. Is t composite?
False
Is ((-19927)/5 - (-66)/165)*-1 a prime number?
False
Let f be 0*((-3)/6 + 0). Suppose o + 286 = 5*o - 2*h, 4*h - 20 = f. Suppose -2*z + 96 = -o. Is z a composite number?
True
Let r(n) = 2*n**3 - 35*n**2 + 23*n + 77. Is r(25) a prime number?
False
Let q be (-6 - -2) + 1395 + (-1 - -3). Suppose -q = -8*y + 4183. Is y composite?
True
Suppose 4*s - 27638 = 2*b - 0*b, 5*b + 27629 = 4*s. Let h = -3126 + s. Is h composite?
True
Let m(o) = -2232*o - 4. Let a be m(-4). Suppose -3*l = -3*n - a - 346, -9278 = -3*l - 5*n. Is l a composite number?
True
Suppose -44*q + 278987 = -27*q. Is q composite?
False
Let z be 7/(-28) + (-185)/(-4). Suppose z = -0*m + m. Is m prime?
False
Suppose -3*n = 5*h - 22, -5*n - 5 = -h - 23. Suppose -2*q + 2540 = h*q. Suppose j + 4*j - q = 0. Is j a composite number?
False
Let n(c) be the second derivative of c**3/3 - 9*c**2 + 6*c. Let y be n(10). Is (-2)/(((-8)/42)/y) a prime number?
False
Let b(o) be the second derivative of 2231*o**5/20 - o**4/12 - o**3/6 + o**2 + 38*o. Is b(1) composite?
True
Let x = 9 - 6. Suppose 6*w = w + 20, -2*w = -x*c - 23. Is (129/c)/(3/(-15)) a composite number?
True
Is 141874/(-1)*110/(-220) a prime number?
True
Is 1/((-4)/(-1269)) + 12/(-48) composite?
False
Let h be ((-4)/(-6))/((-3)/(-36)). Suppose -h = -4*x + 4. Suppose 6*t - 237 = x*t. Is t composite?
False
Suppose -601 = -d + 2412. Is d composite?
True
Suppose 9*y + 46189 = -2699. Let k = y - -8635. Is k composite?
False
Suppose 5*x = q + 235451 + 195859, 5*x + 3*q = 431330. Is x composite?
False
Let z(t) = -33*t + 71. Is z(0) composi